t c(g) be the second derivative of -g**5/20 + 5*g**4/12 + 2*g**3/3 + 3*g**2 - 124*g. What is c(p)?
-6
Suppose 0 = -7*h + 3*h - 12. Let f = 6 + h. Let j(x) = -4*x + f - x - x**3 - 5*x**2 + 10*x**2. What is j(3)?
6
Let l(k) = k + 6. Let s(d) be the third derivative of -7*d**6/120 + d**5/60 - d**4/12 + d**3/3 - 4*d**2 + 9*d. Let r be s(1). What is l(r)?
0
Let m = -146 + 154. Let y(u) = -1 - 22*u**3 + 23*u**3 + m*u - 1 - 8*u**2. Calculate y(7).
5
Let n = 1 + 4. Let l be (-1)/(5*2/50). Let t(u) = -4*u. Let k(j) = 3*j. Let x(d) = l*t(d) - 7*k(d). Determine x(n).
-5
Suppose b + 0*b - 5 = -4*r, 3*r - b = -5. Let g be 4/((-8)/7)*-2. Let f(v) = 3 + 1 + r + 0 + v**2 - g*v. Determine f(7).
4
Let j(z) = -z**3 - 11*z**2 - 10*z + 4. Let w be j(-10). Let v(b) = -15 + 736*b - 733*b + 8. Determine v(w).
5
Suppose 0 = 2*h, -2*h + 5*h = 3*q - 21. Let g(v) be the third derivative of v**6/120 - 7*v**5/60 + 5*v**4/24 - 4*v**3/3 - 311*v**2 - 2*v. What is g(q)?
27
Let v(s) = -6*s - 1. Let f(o) = -1. Let l(j) = -3*f(j) + v(j). Let w be (200/(-150))/((-3)/(-9) + -1). What is l(w)?
-10
Let n be 235/40 + 1 + (-1)/(-8). Let w(r) = 12*r - 79. Let y be w(n). Let p(z) = z + 8. Determine p(y).
13
Let f(g) = 6*g**3 - 22*g**2 + 4*g + 13. Let j(u) = -7*u**3 + 23*u**2 - 5*u - 14. Let i(v) = -6*f(v) - 5*j(v). Determine i(17).
9
Let o(r) = 600 + 0*r**3 + 4*r + 13*r**2 + 7*r - 612 - 3*r**3. What is o(5)?
-7
Let i = 261 - 855. Let p be 18/(-22) + 1 - 4050/i. Let a(k) = -k**3 + 6*k**2 + 4*k + 10. What is a(p)?
-11
Let j(o) = 9 - 5*o**2 - 72*o + 69*o - 3*o**2 + 2*o**2 + o**3. Let p = 9 - 3. Calculate j(p).
-9
Suppose -41 = -2*k - 7. Suppose k*w - 21*w - 396 = 0. Let n = w + 94. Let u(g) = -g**2 - 4*g + 3. Calculate u(n).
-2
Suppose -y - 6*y = y. Let n(q) = 2 - 27*q - 4*q**2 + 59*q - 30*q + y. Give n(2).
-10
Suppose -20*s + 10 = -18*s. Suppose 0 = -s*y - 4*v - 11, -1 = -2*y - 5*v - 19. Let f(o) be the first derivative of -4*o**3/3 + o**2 - o + 5. Determine f(y).
-3
Let k(q) = 6*q**2 - 1 - 2*q - q**2 + q. Let n(f) = 31*f + 416. Let w be n(21). Let j = w - 1068. Calculate k(j).
5
Let t(o) = -22*o - 4*o - 10*o - 9*o + 30*o - 11 + o**2. Let h(q) = 6*q - 3. Let s be h(3). Calculate t(s).
-11
Let z(o) = 141*o**2 + 991*o + 22. Let h be z(-7). Let g(a) be the second derivative of -a**4/12 - a**3 - 4*a**2 + a. Give g(h).
-8
Let h = -211 - -216. Let x(d) be the second derivative of d**5/20 - 5*d**4/12 - d**2/2 - 9*d - 1. Give x(h).
-1
Let x(v) = 8*v - 26 + 615*v**2 + 14*v + v - 617*v**2. Give x(11).
-15
Let k(b) = -32*b**2 + 53*b - 30. Let n(m) = -27*m**2 + 54*m - 30. Let a(d) = 5*k(d) - 6*n(d). Calculate a(29).
1
Suppose 2*m - 20 = 4*i, i + 5*m = -4*i - 55. Let t be (0 - 3)/(i/14). Suppose 4*v = -a - 39, 2*a = -7*v + t*v - 8. Let q(h) = -2*h - 13. Determine q(v).
7
Suppose -10 - 8 = -3*f - 3*t, 11 = 3*f - 4*t. Let i(s) = -5*s - 7. Let l(d) = -5*d - 7. Let c(j) = 6*i(j) - 7*l(j). Determine c(f).
32
Let i(m) = -95*m**2 - 169*m + 64. Let n(w) = -42*w**2 - 85*w + 32. Let o(l) = -4*i(l) + 9*n(l). What is o(44)?
-12
Let j = 4652 - 4663. Let d(c) = 4*c**2 + 39*c - 46. Give d(j).
9
Let t be (-3)/((-224)/(-40) - (-120)/(-24)). Suppose -k - 2*k = -18. Let n(r) = -2*r**2 + k*r + 3*r**2 - 1 - 6. Calculate n(t).
-12
Suppose -165 = -32*w - 5. Let j(b) = -4*b + 26. Calculate j(w).
6
Let j(v) = -v**2 + 2*v + 17. Suppose -5 = -r - l, 3*l - 5 + 2 = -r. Give j(r).
-7
Let i(q) = q**3 - q**2 + q - 6. Let b(f) = 148*f + 2960. Let z be b(-20). Calculate i(z).
-6
Let c(q) be the first derivative of q**4/4 - 17*q**3/3 - q**2 + 32*q + 363. Calculate c(17).
-2
Let s be -4 + (-622)/(-3) + 18/27. Let r = -199 + s. Let t(z) = -z**3 + 3*z**2 + 12*z - 2. What is t(r)?
8
Suppose 5*v - 2 = 23, 7 = -2*w + 3*v. Let b be 0/((-40)/28 + 16/(-28)). Suppose -q = -0*k - 4*k + 7, -w*q - 5*k + 56 = b. Let a(o) = o + 2. Give a(q).
11
Let l(g) = -g**3 - g**2 + 4*g + 1. Let y be 1*-13*(-4)/4. Suppose -x - 2*x + 4*v = y, 0 = 2*v - 2. Give l(x).
7
Let a(x) be the second derivative of 1 - 3/2*x**2 + 1/2*x**3 - 71*x. Calculate a(-6).
-21
Suppose -40 = 3*b - 8*b. Suppose 0 = -0*z + 3*z - 2*n - b, z - 6 = -n. Let i(h) = 6 + z - h - 3 - 1. Give i(7).
-1
Let f(r) = 3*r**2 + 25*r + 64. Let a be (2 + 12)*(-2)/7. Let v(t) = -t**2 - 8*t - 22. Let b(n) = a*f(n) - 11*v(n). Give b(-10).
6
Let w(j) = 4*j - 13*j**3 + 23 + 10*j**2 - 30 - 12*j + 12*j**3. Let g(f) = -5*f - 11. Let s be g(-4). What is w(s)?
2
Let x(n) = 0 + 3 + 2*n + 1 + n**2. Let t(i) = 1170*i - 5853. Let r be t(5). Give x(r).
7
Let f(d) = -3*d - 1. Suppose -5*r + 9*m - 4*m - 2980 = 0, 3*m = -2*r - 1207. Let o = -602 - r. Give f(o).
8
Let c(i) = -i**2 - 7*i + 232. Let d be c(-19). Suppose 5*t = -15, t = -3*n + 3*t + 18. Let q(a) = n*a - 4 - 4*a + a. What is q(d)?
0
Let c(r) be the second derivative of 11*r**5/20 - r**4/12 - r**2/2 + 528*r. Determine c(2).
83
Let y(j) = -10*j + 19. Let u = 773 + -771. Give y(u).
-1
Let n = 5 + -3. Let z = 0 - n. Let i(j) be the third derivative of -j**4/12 - 18456*j**2. What is i(z)?
4
Let z(y) = 5*y**2 - 4. Let q(c) = 4*c**2 + c - 4. Let v(h) = 3*q(h) - 2*z(h). Suppose -5*w - 14*k + 10*k - 36 = 0, -7*w - 44 = 4*k. Determine v(w).
16
Let v(j) = j**3 + 2*j**2 - 37*j + 6. Let z be v(5). Let h(k) = -k**2 - 7*k - 4. What is h(z)?
8
Let g(s) = -2029*s - 3*s**2 - 2 + 1014*s + 1011*s + 9*s**3. Let a(f) = -13*f**3 + 5*f**2 + 5*f + 3. Let k(j) = 5*a(j) + 7*g(j). Give k(3).
-26
Let v(n) = 4*n**3 - 1348*n**2 - 9*n - 71. Let u(c) = c**3 - 300*c**2 - 2*c - 18. Let j(q) = 9*u(q) - 2*v(q). Calculate j(0).
-20
Let d(u) = -2*u**2 + 1. Let j(l) be the second derivative of -2 + 0*l**3 + 7*l + 1/12*l**4 - 1/2*l**2 + 1/20*l**5. Let i be j(0). Give d(i).
-1
Suppose -4*b - 7 = 2*a - 13, 3*a = -27. Let m(d) = 6*d + 19. What is m(b)?
55
Let b(u) = 7*u - 109. Let m be b(16). Suppose -50 = -2*o + o. Let j(p) = 28 - o + p**2 - p + 20. What is j(m)?
4
Let k be -5*-1*((0 - 0) + -50 + 51). Let n(q) = 8*q - 23. Give n(k).
17
Let t(r) = 69*r**2 - 8*r**2 - 5*r**2 - 7 - 2600*r + 10 + 2597*r. Calculate t(1).
56
Let k(a) = a + 4. Suppose z + 4*b = -11, -59*b + 55*b - 74 = -6*z. What is k(z)?
13
Let r(w) = 2*w + 15. Let s(i) = i**2 - 55*i + 420. Let o be s(46). Calculate r(o).
27
Suppose -3*o - 1 = 5*h, -2*h + 0*o + 12 = -5*o. Let q = 48 - 47. Let f(a) = a + 4*a - 11*a - 7*a - q. What is f(h)?
-14
Let h(m) be the first derivative of 2*m**3 + 7/2*m**2 + 84 - 1/4*m**4 - 3*m. Give h(7).
-3
Let x(f) = -f + 2. Let k be (15/6)/((-285)/342). Determine x(k).
5
Let h(m) = -m - 6 + 3*m + 0 + 6. Let a = 8 + 0. Let q be 12/a*-2 - -5. Calculate h(q).
4
Let m = 3864 + -3849. Let q(t) = t - 16. Give q(m).
-1
Let b(o) be the third derivative of -o**5/30 - 29*o**4/24 - 17*o**3/2 + 930*o**2. What is b(-12)?
9
Let d = -4841 - -4836. Let g(s) = 3 + 0*s + s**2 + 0*s + 3*s. Determine g(d).
13
Suppose -3*c = c - 48. Suppose -c*m = -9*m - 6. Let x(a) = 2 + a**m - 3 + 2 + 3*a + 2. What is x(-2)?
1
Let s(v) = -17*v + 2. Let p(t) be the third derivative of -t**4/6 - t**3/6 - 17*t**2 - 2*t. Let y(l) = 4*p(l) - s(l). Calculate y(3).
-3
Suppose 0*y - 62 = 4*o - 5*y, 2 = y. Let k(h) = -14*h - 187. Let b be k(o). Let m(w) = -w**2 - 6*w + 2. What is m(b)?
7
Let b(c) = 2*c**2 + 1. Let y(m) = m**3 - 6*m**2 - 6*m + 35. Let o = -34 + 40. Let t be y(o). Give b(t).
3
Let z(g) = -40*g - 28. Let s(o) = -29*o - 16. Let f(b) = 5*s(b) - 3*z(b). Give f(-1).
29
Let a(u) = -3*u**3 - 6*u**2 + u + 2. Let r be a(-2). Let z(f) = 133*f**2 - 132*f**2 - 9*f + f - 11 + r*f. Calculate z(9).
-2
Suppose 3*j - 5 - 7 = 0. Let o(h) = h**2 - 145*h + 140*h + j + 3. Calculate o(4).
3
Let h(t) = 0*t - 8*t + 3*t - t - 1 - 8*t. Let r be h(0). Let m(k) = -4*k - 1. Calculate m(r).
3
Let c(y) be the first derivative of -y**4/4 - 14*y**3/3 - y**2/2 - y - 4033. Calculate c(-14).
13
Let g(z) be the first derivative of -3*z**2 - 21*z - 10457. What is g(5)?
-51
Let j = 28 + -20. Let p(m) = m**2 - 3*m + 7*m + j + 2*m. Suppose -21*u + 4*u - 119 = 0. Calculate p(u).
15
Suppose 0 = -5*c - 25, 5*w - 3 = -3*c + 42. Let x(n) = -n + 2*n + w*n + 1 - 4*n. Give x(1).
10
Let k(v) = 94*v + 8. Let l(p) = 84*p + 6. Let n(x) = 4*k(x) - 5*l(x). Calculate n(1).
-42
Let z(h) = -4*h + 2. Let a(o) = 3*o - 1. Let f(s) = 3*a(s) + 2*z(s). Let l(d) = 21*d + 19. Let x be l(11). Suppose -248*k =